r of 417 and 1807?
139
What is the highest common factor of 160 and 5?
5
What is the highest common divisor of 107 and 107?
107
What is the greatest common divisor of 481 and 37?
37
What is the greatest common factor of 33 and 5192?
11
What is the highest common factor of 20 and 110?
10
What is the greatest common factor of 232 and 58?
58
What is the greatest common divisor of 2209 and 94?
47
What is the greatest common divisor of 119 and 21?
7
Calculate the highest common factor of 60 and 150.
30
What is the greatest common divisor of 247 and 39?
13
What is the greatest common divisor of 589 and 31?
31
What is the greatest common factor of 187 and 22?
11
Calculate the greatest common divisor of 348 and 60.
12
What is the greatest common divisor of 206 and 2369?
103
What is the highest common factor of 2540 and 100?
20
What is the highest common divisor of 3815 and 35?
35
Calculate the highest common factor of 9 and 1332.
9
What is the greatest common divisor of 3 and 69?
3
What is the highest common factor of 169 and 143?
13
Calculate the greatest common divisor of 4823 and 182.
91
What is the greatest common divisor of 83 and 1?
1
Calculate the greatest common divisor of 70 and 938.
14
Calculate the highest common divisor of 29 and 29.
29
What is the highest common factor of 4 and 282?
2
Calculate the greatest common factor of 65411 and 298.
149
What is the greatest common divisor of 9 and 47070?
9
Calculate the greatest common factor of 30 and 1398.
6
Calculate the greatest common factor of 23 and 1840.
23
Calculate the highest common divisor of 972 and 4.
4
What is the greatest common divisor of 79 and 316?
79
What is the greatest common divisor of 280 and 445?
5
What is the greatest common divisor of 38 and 8702?
38
Calculate the greatest common divisor of 247 and 13.
13
Calculate the greatest common divisor of 2660 and 560.
140
What is the greatest common divisor of 2954 and 14?
14
What is the greatest common factor of 2618 and 110?
22
What is the highest common factor of 285 and 30?
15
Calculate the highest common divisor of 6507 and 27.
27
Calculate the greatest common factor of 9 and 45.
9
What is the greatest common divisor of 3 and 93?
3
Calculate the highest common divisor of 5901 and 42.
21
Calculate the highest common factor of 66 and 3234.
66
Calculate the greatest common factor of 414 and 92.
46
Calculate the highest common factor of 17 and 2533.
17
What is the highest common divisor of 33 and 76857?
33
Calculate the highest common divisor of 32 and 136.
8
Calculate the highest common factor of 1410 and 40.
10
What is the greatest common factor of 43 and 12?
1
Calculate the greatest common factor of 1157 and 6586.
89
Calculate the highest common divisor of 134 and 4958.
134
What is the highest common factor of 11 and 4059?
11
Calculate the highest common divisor of 1105 and 104.
13
Calculate the highest common divisor of 135 and 60.
15
What is the greatest common divisor of 403 and 31?
31
Calculate the greatest common divisor of 8 and 44000.
8
What is the greatest common divisor of 30 and 234?
6
What is the highest common divisor of 11648 and 546?
182
What is the highest common divisor of 94 and 94?
94
What is the highest common divisor of 110 and 275?
55
What is the greatest common divisor of 154 and 33?
11
What is the greatest common factor of 26 and 1378?
26
Calculate the greatest common factor of 6 and 106.
2
Calculate the greatest common factor of 112 and 14.
14
Calculate the highest common divisor of 108 and 3.
3
Calculate the highest common factor of 105 and 69.
3
Calculate the highest common divisor of 980 and 3332.
196
Calculate the greatest common divisor of 16528 and 16.
16
Calculate the greatest common factor of 19 and 152.
19
Calculate the greatest common factor of 4 and 16.
4
Calculate the greatest common factor of 24 and 20568.
24
What is the greatest common factor of 91 and 14?
7
What is the greatest common divisor of 18 and 1719?
9
What is the highest common factor of 864 and 27?
27
What is the greatest common factor of 28 and 756?
28
Calculate the greatest common divisor of 1200 and 1520.
80
What is the highest common factor of 682 and 62?
62
What is the greatest common factor of 68 and 544?
68
Calculate the greatest common factor of 91 and 231.
7
Calculate the highest common divisor of 1480 and 48.
8
Calculate the greatest common divisor of 6 and 426.
6
What is the highest common divisor of 45 and 10680?
15
Calculate the highest common factor of 4320 and 27.
27
What is the greatest common factor of 621 and 189?
27
What is the greatest common factor of 15965 and 155?
155
What is the greatest common factor of 132 and 18?
6
Calculate the greatest common divisor of 45 and 225.
45
Calculate the greatest common factor of 49 and 4508.
49
Calculate the highest common divisor of 1180 and 70.
10
Calculate the greatest common factor of 3064 and 8.
8
Calculate the highest common factor of 100 and 1750.
50
Calculate the highest common factor of 22 and 154.
22
Calculate the highest common divisor of 1073 and 1450.
29
Calculate the highest common factor of 208 and 9022.
26
Calculate the greatest common factor of 260 and 52.
52
Calculate the highest common factor of 6 and 600.
6
Calculate the highest common factor of 21 and 6.
3
Calculate the highest common divisor of 310 and 70.
10
Calculate the highest common divisor of 125 and 1800.
25
Calculate the highest common factor of 5 and 2855.
5
Calculate the greatest common divisor of 96 and 60.
12
What is the highest common factor of 1121 and 944?
59
What is the highest common divisor of 14 and 63?
7
What is the highest common factor of 52 and 1924?
52
What is the highest common factor of 288 and 11392?
32
What is the greatest common divisor of 11 and 77?
11
What is the greatest common divisor of 25437 and 366?
183
Calculate the highest common divisor of 1336 and 24.
8
What is the highest common divisor of 2923 and 222?
37
What is the greatest common divisor of 204 and 12988?
68
What is the highest common divisor of 45 and 4?
1
Calculate the greatest common factor of 56 and 28.
28
What is the greatest common factor of 42 and 210?
42
Calculate the greatest common divisor of 180 and 1140.
60
Calculate the greatest common factor of 72 and 1944.
72
Calculate the highest common divisor of 63 and 1043.
7
What is the greatest common factor of 2 and 46?
2
Calculate the highest common divisor of 280 and 210.
70
What is the greatest common factor of 77 and 28?
7
What is the highest common divisor of 2173 and 53?
53
Calculate the greatest common factor of 1161 and 731.
43
What is the greatest common factor of 168 and 966?
42
Calculate the highest common factor of 129 and 516.
129
What is the greatest common factor of 1798 and 62?
62
What is the highest common factor of 30 and 555?
15
What is the highest common divisor of 236 and 14396?
236
Calculate the greatest common factor of 288 and 128.
32
What is the greatest common divisor of 912 and 48?
48
What is the greatest common divisor of 1961 and 296?
37
Calculate the highest common factor of 37 and 1813.
37
What is the greatest common factor of 145 and 5742?
29
What is the greatest common divisor of 93 and 2542?
31
What is the highest common factor of 287 and 41?
41
What is the greatest common divisor of 799 and 119?
17
What is the greatest common factor of 14424 and 24?
24
What is the highest common divisor of 35 and 140?
35
What is the greatest common factor of 342 and 1458?
18
What is the greatest common divisor of 108 and 2403?
27
What is the highest common factor of 133 and 76?
19
What is the greatest common divisor of 14 and 5138?
14
Calculate the greatest common factor of 122 and 8.
2
Calculate the greatest common factor of 21 and 168.
21
What is the greatest common factor of 1104 and 48?
48
Calculate the greatest common factor of 54 and 216.
54
Calculate the highest common factor of 245 and 88690.
245
Calculate the highest common factor of 59 and 767.
59
What is the greatest common factor of 15 and 1215?
15
Calculate the highest common divisor of 1421 and 87.
29
What is the greatest common factor of 99 and 341?
11
Calculate the greatest common divisor of 864 and 54.
54
Calculate the greatest common divisor of 19 and 43.
1
Calc